{"id":1159,"date":"2023-09-16T20:41:13","date_gmt":"2023-09-16T20:41:13","guid":{"rendered":"https:\/\/cloud.ic.uff.br\/?page_id=1159"},"modified":"2023-09-16T20:42:37","modified_gmt":"2023-09-16T20:42:37","slug":"project-biocloud2-cnpq-aws","status":"publish","type":"page","link":"https:\/\/cloud.ic.uff.br\/index.php\/project-biocloud2-cnpq-aws\/","title":{"rendered":"BioCloud 2 (CNPq\/AWS)"},"content":{"rendered":"\n<h5 class=\"wp-block-heading has-text-align-center\" style=\"font-size:24px;text-transform:none\"><strong>BioCloud 2: Exploring the DNA of the AWS Cloud to Optimize Execution of Biotechnology Applications<\/strong><\/h5>\n\n\n\n<p>Coordinator: <span class='tooltipsall tooltipsincontent classtoolTips3'>Maria Cristina Silva Boeres<\/span><\/p>\n\n\n\n<p class=\"has-text-align-justify\">The importance of bioinformatics in today&#8217;s world is undeniable, such as the global knowledge necessary to combat the pandemic caused by the SARS-CoV-2 virus. For this and other diseases, scientists in the field advance their research and discoveries using sophisticated comparative genomics algorithms, which require high computational power and manipulate an immense volume of data. It is worth mentioning that in the last three decades, there has been a major evolution in genome sequencing technology, which has allowed the determination of an unprecedented number of DNA, RNA and protein sequences. The vast majority of these biological sequences are found in public databases with the availability of more than 240 million sequences. Furthermore, in the search for organ donor compatibility, the analysis of organ donor records in Brazil is crucial due to the incompleteness of a large part of the records stored in a public bank with more than 5 million records.<\/p>\n\n\n\n<p class=\"has-text-align-justify\">Given the difficulty of maintaining laboratories with cutting-edge infrastructure to run such applications, the use of computing clouds meets the processing and storage requirements of vast amounts of data at an attractive cost. However, to use the cloud environment in such a way that applications are executed in a timely manner, within a certain cost, it is imperative to know how to select cloud resources, configure them, monitor them and offer ways of analyzing the results of cloud applications. bioinformatics to help the scientist himself.<\/p>\n\n\n\n<p class=\"has-text-align-justify\">In order to explore the cost and performance relationships of bioinformatics applications in the AWS cloud, this project will focus efforts on specifying methodologies for efficient application execution, through performance analysis, scaling mechanisms, resource elasticity and fault tolerance. , aiming for better efficiency, robustness and minimization of monetary costs for users. On the side of the scientist, user of the applications, the objective is to facilitate the efficient use of the cloud to solve their problems, and on the provider&#8217;s side, the project offers benefits in terms of cost reduction and energy consumption in the use of its computational infrastructure and its services.<\/p>\n\n\n\n<hr class=\"wp-block-separator has-alpha-channel-opacity is-style-dots\"\/>\n\n\n\n<h5 class=\"wp-block-heading has-text-align-center\" style=\"font-size:24px;text-transform:none\"><strong>Team<\/strong><\/h5>\n\n\n\n<figure class=\"wp-block-table\"><table><thead><tr><th><strong>Universidade Federal Fluminense (UFF)<\/strong><\/th><\/tr><\/thead><tbody><tr><td><span class='tooltipsall tooltipsincontent classtoolTips3'>Maria Cristina Silva Boeres<\/span> &nbsp; <a class=\"ek-link\" href=\"http:\/\/orcid.org\/0000-0002-1679-6643\"><img decoding=\"async\" style=\"width: 16px;\" src=\"https:\/\/cloud.ic.uff.br\/wp-content\/uploads\/2023\/04\/ORCID_iD_Transparent.png\" alt=\"\"><\/a> &nbsp; <a class=\"ek-link\" href=\"http:\/\/lattes.cnpq.br\/0306766365983082\"><img decoding=\"async\" style=\"width: 16px;\" src=\"https:\/\/cloud.ic.uff.br\/wp-content\/uploads\/2023\/04\/Lattes_Transparent.png\" alt=\"\"><\/a><\/td><\/tr><tr><td>Daniel Cardoso Moraes de Oliveira &nbsp; <a href=\"http:\/\/orcid.org\/0000-0001-9346-7651\"><img decoding=\"async\" style=\"width: 16px;\" src=\"https:\/\/cloud.ic.uff.br\/wp-content\/uploads\/2023\/04\/ORCID_iD_Transparent.png\" alt=\"\"><\/a> &nbsp; <a href=\"http:\/\/lattes.cnpq.br\/0743793296062293\"><img decoding=\"async\" style=\"width: 16px;\" src=\"https:\/\/cloud.ic.uff.br\/wp-content\/uploads\/2023\/04\/Lattes_Transparent.png\" alt=\"\"><\/a><\/td><\/tr><tr><td><span class='tooltipsall tooltipsincontent classtoolTips2'>Eugene Francis Vinod Rebello<\/span> &nbsp; <a href=\"http:\/\/orcid.org\/0000-0003-2715-6796\" class=\"ek-link\"><img decoding=\"async\" src=\"https:\/\/cloud.ic.uff.br\/wp-content\/uploads\/2023\/04\/ORCID_iD_Transparent.png\" alt=\"\" style=\"width: 16px;\"><\/a> &nbsp; <a href=\"http:\/\/lattes.cnpq.br\/8795680989708219\" class=\"ek-link\"><img decoding=\"async\" src=\"https:\/\/cloud.ic.uff.br\/wp-content\/uploads\/2023\/04\/Lattes_Transparent.png\" alt=\"\" style=\"width: 16px;\"><\/a><\/td><\/tr><tr><td><span class='tooltipsall tooltipsincontent classtoolTips0'>L\u00facia Maria de Assump\u00e7\u00e3o Drummond<\/span> &nbsp; <a href=\"http:\/\/orcid.org\/0000-0001-9939-1731\" class=\"ek-link\"><img decoding=\"async\" src=\"https:\/\/cloud.ic.uff.br\/wp-content\/uploads\/2023\/04\/ORCID_iD_Transparent.png\" alt=\"\" style=\"width: 16px;\"><\/a> &nbsp; <a href=\"http:\/\/lattes.cnpq.br\/9314029648579658\" class=\"ek-link\"><img decoding=\"async\" src=\"https:\/\/cloud.ic.uff.br\/wp-content\/uploads\/2023\/04\/Lattes_Transparent.png\" alt=\"\" style=\"width: 16px;\"><\/a><\/td><\/tr><tr><td><span class='tooltipsall tooltipsincontent classtoolTips10'>Alan Lira Nunes<\/span> &nbsp; <a href=\"http:\/\/orcid.org\/0000-0002-9384-862X\" class=\"ek-link\"><img decoding=\"async\" loading=\"lazy\" width=\"2048\" height=\"2048\" class=\"wp-image-687\" style=\"width: 16px;\" src=\"https:\/\/cloud.ic.uff.br\/wp-content\/uploads\/2023\/04\/ORCID_iD_Transparent.png\" alt=\"\" srcset=\"https:\/\/cloud.ic.uff.br\/wp-content\/uploads\/2023\/04\/ORCID_iD_Transparent.png 2048w, https:\/\/cloud.ic.uff.br\/wp-content\/uploads\/2023\/04\/ORCID_iD_Transparent-300x300.png 300w, https:\/\/cloud.ic.uff.br\/wp-content\/uploads\/2023\/04\/ORCID_iD_Transparent-1024x1024.png 1024w, https:\/\/cloud.ic.uff.br\/wp-content\/uploads\/2023\/04\/ORCID_iD_Transparent-150x150.png 150w, https:\/\/cloud.ic.uff.br\/wp-content\/uploads\/2023\/04\/ORCID_iD_Transparent-768x768.png 768w, https:\/\/cloud.ic.uff.br\/wp-content\/uploads\/2023\/04\/ORCID_iD_Transparent-1536x1536.png 1536w, https:\/\/cloud.ic.uff.br\/wp-content\/uploads\/2023\/04\/ORCID_iD_Transparent-100x100.png 100w\" sizes=\"(max-width: 767px) 89vw, (max-width: 1000px) 54vw, (max-width: 1071px) 543px, 580px\" \/><\/a> &nbsp; <a href=\"http:\/\/lattes.cnpq.br\/1289165489035133\" class=\"ek-link\"><img decoding=\"async\" loading=\"lazy\" width=\"288\" height=\"332\" class=\"wp-image-686\" style=\"width: 16px;\" src=\"https:\/\/cloud.ic.uff.br\/wp-content\/uploads\/2023\/04\/Lattes_Transparent.png\" alt=\"\" srcset=\"https:\/\/cloud.ic.uff.br\/wp-content\/uploads\/2023\/04\/Lattes_Transparent.png 288w, https:\/\/cloud.ic.uff.br\/wp-content\/uploads\/2023\/04\/Lattes_Transparent-260x300.png 260w\" sizes=\"(max-width: 288px) 100vw, 288px\" \/><\/a><\/td><\/tr><\/tbody><\/table><\/figure>\n\n\n\n<figure class=\"wp-block-table\"><table><thead><tr><th><strong>Universidade de Bras\u00edlia (UnB)<\/strong><\/th><\/tr><\/thead><tbody><tr><td>Alba Cristina Magalh\u00e3es Alves de Melo &nbsp; <a href=\"http:\/\/orcid.org\/0000-0001-5191-5209\" class=\"ek-link\"><img decoding=\"async\" loading=\"lazy\" width=\"2048\" height=\"2048\" class=\"wp-image-687\" style=\"width: 16px;\" src=\"https:\/\/cloud.ic.uff.br\/wp-content\/uploads\/2023\/04\/ORCID_iD_Transparent.png\" alt=\"\" srcset=\"https:\/\/cloud.ic.uff.br\/wp-content\/uploads\/2023\/04\/ORCID_iD_Transparent.png 2048w, https:\/\/cloud.ic.uff.br\/wp-content\/uploads\/2023\/04\/ORCID_iD_Transparent-300x300.png 300w, https:\/\/cloud.ic.uff.br\/wp-content\/uploads\/2023\/04\/ORCID_iD_Transparent-1024x1024.png 1024w, https:\/\/cloud.ic.uff.br\/wp-content\/uploads\/2023\/04\/ORCID_iD_Transparent-150x150.png 150w, https:\/\/cloud.ic.uff.br\/wp-content\/uploads\/2023\/04\/ORCID_iD_Transparent-768x768.png 768w, https:\/\/cloud.ic.uff.br\/wp-content\/uploads\/2023\/04\/ORCID_iD_Transparent-1536x1536.png 1536w, https:\/\/cloud.ic.uff.br\/wp-content\/uploads\/2023\/04\/ORCID_iD_Transparent-100x100.png 100w\" sizes=\"(max-width: 767px) 89vw, (max-width: 1000px) 54vw, (max-width: 1071px) 543px, 580px\" \/><\/a> &nbsp; <a href=\"http:\/\/lattes.cnpq.br\/5123602572479168\" class=\"ek-link\"><img decoding=\"async\" loading=\"lazy\" width=\"288\" height=\"332\" class=\"wp-image-686\" style=\"width: 16px;\" src=\"https:\/\/cloud.ic.uff.br\/wp-content\/uploads\/2023\/04\/Lattes_Transparent.png\" alt=\"\" srcset=\"https:\/\/cloud.ic.uff.br\/wp-content\/uploads\/2023\/04\/Lattes_Transparent.png 288w, https:\/\/cloud.ic.uff.br\/wp-content\/uploads\/2023\/04\/Lattes_Transparent-260x300.png 260w\" sizes=\"(max-width: 288px) 100vw, 288px\" \/><\/a><\/td><\/tr><tr><td>Alet\u00e9ia Patr\u00edcia Favacho de Ara\u00fajo von Paumgartten &nbsp; <a href=\"https:\/\/orcid.org\/0000-0003-4645-6700\"><img decoding=\"async\" loading=\"lazy\" width=\"2048\" height=\"2048\" class=\"wp-image-687\" style=\"width: 16px;\" src=\"https:\/\/cloud.ic.uff.br\/wp-content\/uploads\/2023\/04\/ORCID_iD_Transparent.png\" alt=\"\" srcset=\"https:\/\/cloud.ic.uff.br\/wp-content\/uploads\/2023\/04\/ORCID_iD_Transparent.png 2048w, https:\/\/cloud.ic.uff.br\/wp-content\/uploads\/2023\/04\/ORCID_iD_Transparent-300x300.png 300w, https:\/\/cloud.ic.uff.br\/wp-content\/uploads\/2023\/04\/ORCID_iD_Transparent-1024x1024.png 1024w, https:\/\/cloud.ic.uff.br\/wp-content\/uploads\/2023\/04\/ORCID_iD_Transparent-150x150.png 150w, https:\/\/cloud.ic.uff.br\/wp-content\/uploads\/2023\/04\/ORCID_iD_Transparent-768x768.png 768w, https:\/\/cloud.ic.uff.br\/wp-content\/uploads\/2023\/04\/ORCID_iD_Transparent-1536x1536.png 1536w, https:\/\/cloud.ic.uff.br\/wp-content\/uploads\/2023\/04\/ORCID_iD_Transparent-100x100.png 100w\" sizes=\"(max-width: 767px) 89vw, (max-width: 1000px) 54vw, (max-width: 1071px) 543px, 580px\" \/><\/a> &nbsp; <a href=\"http:\/\/lattes.cnpq.br\/1566076687226024\"><img decoding=\"async\" loading=\"lazy\" width=\"288\" height=\"332\" class=\"wp-image-686\" style=\"width: 16px;\" src=\"https:\/\/cloud.ic.uff.br\/wp-content\/uploads\/2023\/04\/Lattes_Transparent.png\" alt=\"\" srcset=\"https:\/\/cloud.ic.uff.br\/wp-content\/uploads\/2023\/04\/Lattes_Transparent.png 288w, https:\/\/cloud.ic.uff.br\/wp-content\/uploads\/2023\/04\/Lattes_Transparent-260x300.png 260w\" sizes=\"(max-width: 288px) 100vw, 288px\" \/><\/a><\/td><\/tr><\/tbody><\/table><\/figure>\n\n\n\n<figure class=\"wp-block-table\"><table><thead><tr><th><strong>Universidade do Estado do Rio de Janeiro (UERJ)<\/strong><\/th><\/tr><\/thead><tbody><tr><td><\/td><\/tr><\/tbody><\/table><\/figure>\n\n\n\n<figure class=\"wp-block-table\"><table><thead><tr><th><strong>Funda\u00e7\u00e3o Oswaldo Cruz (Fiocruz)<\/strong><\/th><\/tr><\/thead><tbody><tr><td><\/td><\/tr><\/tbody><\/table><\/figure>\n\n\n\n<hr class=\"wp-block-separator has-alpha-channel-opacity is-style-dots\"\/>\n\n\n\n<h5 class=\"wp-block-heading has-text-align-center\" style=\"font-size:24px;text-transform:none\"><strong>Publications<\/strong><\/h5>\n<script type=\"text\/javascript\"> toolTips('.classtoolTips0','<img class=\"size-medium wp-image-960 aligncenter\" src=\"https:\/\/cloud.ic.uff.br\/wp-content\/uploads\/2023\/08\/Lucia_Drummond-300x240.png\" alt=\"\" width=\"300\" height=\"240\" \/><br\/><br\/>Full Professor at the Institute of Computing of the Universidade Federal Fluminense (UFF).<br\/><br\/>&nbsp;<br\/><p align=\"justify\">Short Bio: She obtained her D.Sc. in Systems Engineering and Computer Science from the Federal University of Rio de Janeiro, Brazil, in 1994, where she took part of the group which developed the first Brazilian parallel computer. She is in the Department of Computer Science of the Fluminense Federal University (UFF) since 1989, where she is now Full Professor. She currently acts in undergraduate and graduate program, advising a number of master and doctoral students. She is a Level 1 Researcher at CNPq (a Brazilian Research Agency), possessing more than 100 publications in journals and proceedings of national and international conferences. Her research interests are parallel and distributed computing, including theory and applications. She has been invited to give talks in Universit\u00e9 Paris-Sud, \u00c9cole de Mines, and Universit\u00e9 d\u2019Avignon et des Pays du Vaucluse, where she has also co-advised PhD students.<\/p>'); <\/script><script type=\"text\/javascript\"> toolTips('.classtoolTips2','<strong>Full Professor at the Institute of Computing of the Universidade Federal Fluminense (UFF)<\/strong><br\/><br\/><strong>Short Bio:<\/strong><br\/><br\/>He holds a bachelor\\'s degree in Computer Science and Electronics and a Ph.D. in Computer Science, both from the University of Edinburgh (UK). He is currently an Associate Professor IV at the Universidade Federal Fluminense. He has experience in the field of Computer Science, with an emphasis on parallel and distributed computing, working mainly on the following topics: grid and cloud computing; middleware and operation of cyberinfrastructures; autonomous applications; task scheduling; fault tolerance; portals for scientific applications and workflows; identity management, digital certification, and public key infrastructure (PKI); the internet of things and smart buildings; and cybersecurity.'); <\/script><script type=\"text\/javascript\"> toolTips('.classtoolTips3','<p data-sourcepos=\"3:1-3:93\"><strong>Full Professor at the Institute of Computing of the Universidade Federal Fluminense (UFF)<\/strong><\/p><br\/><p data-sourcepos=\"5:1-5:14\"><strong>Short Bio:<\/strong><\/p><br\/><p data-sourcepos=\"7:1-7:707\">She holds a bachelor\\'s degree in Mathematics (Informatics concentration) from the Universidade do Estado do Rio de Janeiro (1985), a master\\'s degree in Systems and Computer Engineering from the Universidade Federal do Rio de Janeiro (1990), and a Ph.D. in Computer Science from the University of Edinburgh (1996). She is currently an Associate Professor at the Institute of Computing of the Universidade Federal Fluminense. She has experience in the field of Computer Science, with an emphasis on Parallel and Distributed Processing, working mainly on the following topics: task scheduling, load balancing problems, performance modeling of parallel algorithms, and cluster, grid, and modern cloud computing.<\/p>'); <\/script><script type=\"text\/javascript\"> toolTips('.classtoolTips10','<a href=\"https:\/\/cloud.ic.uff.br\/alan_lira_nunes\/\"><img class=\"size-medium wp-image-1204 aligncenter\" src=\"https:\/\/cloud.ic.uff.br\/wp-content\/uploads\/2025\/06\/Alan_Lira_Nunes-229x300.png\" alt=\"\" width=\"229\" height=\"300\" \/><\/a><br\/><br\/><span class='tooltipsall tooltipsincontent classtoolTips10'>Alan L. Nunes<\/span> is a Ph.D. candidate at the Fluminense Federal University in Niter\u00f3i, Rio de Janeiro, 24210-346, Brazil, and at the University of Bordeaux in Talence, Bordeaux, 33000, France.<br\/><p align=\"justify\">Short Bio: Alan received his Master\u2019s degree in Computing from Fluminense Federal University in 2022. His research interests include High-Performance Computing, Distributed Systems, and Federated Learning. Contact him at alan_lira at id.uff.br.<\/p>'); <\/script>","protected":false},"excerpt":{"rendered":"<p>BioCloud 2: Exploring the DNA of the AWS Cloud to Optimize Execution of Biotechnology Applications Coordinator: Maria Cristina Silva Boeres The importance of bioinformatics in today&#8217;s world is undeniable, such as the global knowledge necessary to combat the pandemic caused by the SARS-CoV-2 virus. For this and other diseases, scientists in the field advance their &hellip; <\/p>\n<p class=\"link-more\"><a href=\"https:\/\/cloud.ic.uff.br\/index.php\/project-biocloud2-cnpq-aws\/\" class=\"more-link\">Continue reading<span class=\"screen-reader-text\"> &#8220;BioCloud 2 (CNPq\/AWS)&#8221;<\/span><\/a><\/p>\n","protected":false},"author":8,"featured_media":0,"parent":0,"menu_order":0,"comment_status":"closed","ping_status":"closed","template":"","meta":{"_editorskit_title_hidden":false,"_editorskit_reading_time":0,"_editorskit_is_block_options_detached":false,"_editorskit_block_options_position":"{}","_eb_attr":"","footnotes":""},"_links":{"self":[{"href":"https:\/\/cloud.ic.uff.br\/index.php\/wp-json\/wp\/v2\/pages\/1159"}],"collection":[{"href":"https:\/\/cloud.ic.uff.br\/index.php\/wp-json\/wp\/v2\/pages"}],"about":[{"href":"https:\/\/cloud.ic.uff.br\/index.php\/wp-json\/wp\/v2\/types\/page"}],"author":[{"embeddable":true,"href":"https:\/\/cloud.ic.uff.br\/index.php\/wp-json\/wp\/v2\/users\/8"}],"replies":[{"embeddable":true,"href":"https:\/\/cloud.ic.uff.br\/index.php\/wp-json\/wp\/v2\/comments?post=1159"}],"version-history":[{"count":2,"href":"https:\/\/cloud.ic.uff.br\/index.php\/wp-json\/wp\/v2\/pages\/1159\/revisions"}],"predecessor-version":[{"id":1161,"href":"https:\/\/cloud.ic.uff.br\/index.php\/wp-json\/wp\/v2\/pages\/1159\/revisions\/1161"}],"wp:attachment":[{"href":"https:\/\/cloud.ic.uff.br\/index.php\/wp-json\/wp\/v2\/media?parent=1159"}],"curies":[{"name":"wp","href":"https:\/\/api.w.org\/{rel}","templated":true}]}}